 o be b(-5). Let c = 5 - o. What is the remainder when 48 is divided by c?
23
Suppose -3*a - y + 190 = 0, -281 + 45 = -4*a + 3*y. What is the remainder when 170 is divided by a?
46
Let q(h) be the first derivative of 27*h**2/2 - 10*h - 15. What is the remainder when q(3) is divided by 15?
11
What is the remainder when 32/(-6)*54/(-24)*6 is divided by 25?
22
Suppose -76 = -3*c + 32. Suppose 12 = -3*b + c. Suppose 65 = 5*q - 3*u, 5*q - b*u + 4*u = 65. Calculate the remainder when 62 is divided by q.
10
Suppose 3*h - 682 = -2*f, 4*h + f = -0*h + 906. Calculate the remainder when h is divided by 38.
36
Suppose -1553 = -y - 1500. Calculate the remainder when y is divided by 3/15 - (-139)/5.
25
Suppose 0 = -4*r + 2*h - 25 + 65, 0 = r - h - 9. Let f be (-108)/5*(-90)/(-12). Calculate the remainder when f/(-5) - (-6)/(-15) is divided by r.
10
Let f = -202 + 227. What is the remainder when 113 is divided by f?
13
Let h = 453 - 241. Suppose 7*m - h = 117. What is the remainder when m is divided by 7?
5
Let h = 30 - -30. Calculate the remainder when 298 is divided by h.
58
Let h be (4/(-1) + 9)*-3. What is the remainder when (168/(-10))/((-11)/((-550)/h)) is divided by 29?
27
Suppose 10*o = 20 + 20. Suppose 14 = 4*d - 5*i - 29, 0 = -5*d - o*i + 23. Calculate the remainder when 20 is divided by d.
6
Let p(r) = r**2 + 28*r + 305. Calculate the remainder when p(-9) is divided by 58.
18
What is the remainder when 73 is divided by ((-4)/(-6))/((-11)/((-14850)/20))?
28
Let f be (-2)/(-4) - (-91)/2. Suppose -4*g + 146 = f. Suppose 2*j + 0*j = 18. What is the remainder when g is divided by j?
7
Suppose -2*b = -3*n - 299, 0 = -b + 4*n + 249 - 87. Let s = b - -54. What is the remainder when s is divided by 50?
46
Let b = 43 + -22. Let m be 3 + (2 - 3*559). Calculate the remainder when (-2)/(-7) + m/(-28) is divided by b.
18
Let u = -1389 - -1431. Calculate the remainder when 1510 is divided by u.
40
Let u(a) = 11*a - 81. Calculate the remainder when 1823 is divided by u(10).
25
Suppose 3*g - 124 - 25 = -z, g - 53 = -z. Let a = g + -29. Suppose 0 = -2*y + 3*i + 214 - 71, 0 = 5*y + 3*i - 368. What is the remainder when y is divided by a?
16
Let t(b) = b**2 - 18*b + 17. Let i be t(17). Let j(g) = -2*g + 7. Calculate the remainder when j(i) is divided by 5.
2
Suppose -4*l - 80 = -2*p, -4*p + 5*l + 112 = -60. What is the remainder when 82 is divided by p?
34
Let g(b) = -b - 17. What is the remainder when 164 is divided by g(-38)?
17
Suppose -15*k + 418 = 7*k. Calculate the remainder when 107 is divided by k.
12
Suppose -6*d = -88 - 56. Calculate the remainder when d is divided by 14.
10
Let r(y) = y**3 - 13*y**2 + 35*y + 18. What is the remainder when r(11) is divided by 41?
38
Let t = 16 - 37. Let j = t - -35. Let q = 107 + -54. What is the remainder when q is divided by j?
11
Let p(t) = 6*t - 28. Let o = -33 + 41. What is the remainder when 39 is divided by p(o)?
19
Let c(f) = f - 21. Let m(d) = -11 + d + 11. Let y(t) = -c(t) + 2*m(t). Calculate the remainder when 61 is divided by y(0).
19
Suppose -71*u + 66*u = -470. Calculate the remainder when 561 is divided by u.
91
Suppose -12*h = -3*h + 45. Calculate the remainder when 133 is divided by 4/12*(h - -107).
31
Let z be (-2 + 0 + 1)/(30/(-150)). Suppose -3*l - z*k + 6 = -2*k, -4*l + 23 = -k. Calculate the remainder when l is divided by 3.
2
Suppose 21*o - 37 = 20*o - 4*n, 5*o - n - 143 = 0. Let r = -2 - -88. Calculate the remainder when r is divided by o.
28
Let g(d) = -d**2 + 4. Let m be (-2)/3 - 4/(-6). Let i be g(m). Suppose -a + 27 = i. Calculate the remainder when a is divided by 8.
7
Suppose 0 = -c + 13*c - 144. Calculate the remainder when 71 is divided by c.
11
Suppose -3*s + 108 = 3*z, -4*s + z + 152 = -3*z. Calculate the remainder when 71 is divided by s.
34
Let y(j) = -6*j - 1. Suppose -3*l - 2*l = -0*l. Suppose -2*t - 5*o + 74 = 0, 2*t - 58 = -l*t + 3*o. Calculate the remainder when t is divided by y(-2).
10
Let g = 291 - 253. What is the remainder when 110 is divided by g?
34
Let l(y) = -20*y - 32. Let p be l(-16). Suppose 11*n - 484 = -5*b + 9*n, 3*b + 2*n = p. Calculate the remainder when b is divided by 20.
18
Suppose -2012*m + 2002*m + 490 = 0. Calculate the remainder when 193 is divided by m.
46
Let v(x) = -7*x + 1 - 9*x + 3 - 8. What is the remainder when 108 is divided by v(-2)?
24
Let j(b) = -b**3 + 14*b - 4. What is the remainder when 18 is divided by j(3)?
7
Suppose -3*w + 64 = -2*w + x, 3*w - 4*x = 199. What is the remainder when 388 is divided by w?
63
Let c = 9 - 5. Suppose c*o - 93 = -5*f, -3*o + 8*f + 62 = 4*f. What is the remainder when (-2)/(-3)*96/1 is divided by o?
20
Let h(v) = v**2 + 42*v + 77. What is the remainder when 305 is divided by h(-42)?
74
Let g(d) = -d**3 - 5*d**2 + 5*d. Let a be -10 + 8*(-1)/(-2). Let s be g(a). What is the remainder when 60 is divided by (-3)/6 - (-99)/s?
12
Let q(b) be the first derivative of 2*b**3/3 - b**2/2 - 14*b - 3. What is the remainder when q(-5) is divided by 11?
8
Let r(f) = f + 10. Let o be r(-7). Suppose 0 = -o*j - 2 + 83. Calculate the remainder when 107 is divided by j.
26
Suppose 7*s + 19 = d + 10*s, 26 = 4*d + 2*s. Calculate the remainder when 50 is divided by d.
2
Let f(v) be the second derivative of 0*v**2 - 5/2*v**3 - 13/12*v**4 + 0 - 1/20*v**5 + v. What is the remainder when f(-12) is divided by 19?
17
Let u(g) = 3*g**2 + 98. Let d(m) = -m**3 - m + 33. What is the remainder when u(0) is divided by d(0)?
32
Suppose 9 = 5*c - 56. Calculate the remainder when c is divided by (-4 - -7) + (4 - 3).
1
Let i(f) = -2*f**2 + 33*f + 1. Let c be i(17). Let x = c + 93. Calculate the remainder when x is divided by 27.
23
Suppose 21*q = 18*q + 39. Suppose 4*l + 3*l = 357. What is the remainder when l is divided by q?
12
Suppose -67*l + 69*l - 1062 = 0. What is the remainder when l is divided by 41?
39
Let b = 0 - -25. Let r = 0 + b. Let a = -798 - -812. Calculate the remainder when r is divided by a.
11
Suppose v - 49 = 2*g, 85*g = 88*g + 3. Suppose 5*w - 39 = 2*w. What is the remainder when v is divided by w?
8
Calculate the remainder when 450 is divided by -60*(11 + (-25)/2).
0
Suppose 0*u - 16 = -4*u. Let s be 4/4*0/(-2). Suppose s*p + 48 = u*p. Calculate the remainder when 32 is divided by p.
8
Let t = -5 - -5. Suppose t = x - 21 - 3. Calculate the remainder when 70 is divided by x.
22
Suppose 2*v + 1 = -3, 101 = 5*s + 2*v. Calculate the remainder when 1049 is divided by s.
20
Let g = -495 - -531. Calculate the remainder when g is divided by 22.
14
Let p(d) = d**3 + 12*d**2 - 10*d + 20. Let z be p(-12). Let y = 31 + z. What is the remainder when y is divided by 43?
42
Suppose -5*b + 5*w + 22 + 58 = 0, -29 = -2*b - w. Suppose -v + 15 = -4*u, 5*v + 5*u + 10 + b = 0. Calculate the remainder when 1*v + -7 + 143 is divided by 34.
33
Suppose -4*a = -3*b - 9, 0 = -b - 5*a + 3*a - 3. Calculate the remainder when 44 is divided by 18/27 - 34/b.
8
Let v(k) = -k**3 - 5*k**2 - 5*k - 3. Let u be v(-3). Suppose -1 = -2*w + 3. Calculate the remainder when (-16)/u - (-3)/9 is divided by w.
1
Let m(x) = 5*x**2 - 6*x + 7. Let z(p) = p**3 - 6*p**2 + 8*p - 9. Calculate the remainder when m(2) is divided by z(5).
3
Let c = -105 + 111. Suppose -5*s + 9 = -c. Calculate the remainder when 43 is divided by s.
1
What is the remainder when 138*(28/63)/((-4)/(-3)) is divided by 13?
7
What is the remainder when (-1353)/(-9) + (-10)/30 - -2 is divided by 6?
2
Suppose 0 = -2*f - f. Suppose f = -4*v + 7*v - 726. Calculate the remainder when v is divided by 35.
32
Suppose 0 = -0*u + 3*u + 5*j + 320, 0 = -5*j + 25. Calculate the remainder when 2/(1 + 105/u) is divided by 9.
5
Suppose -4*h + 37 = 4*y - 55, -2*h - 42 = -2*y. Let w = 23 - y. What is the remainder when 2 is divided by w?
0
Let n = 20 - 12. Suppose -2*a + 58 = 4*h - 3*a, 0 = -h + 3*a + 9. Calculate the remainder when h is divided by n.
7
Let g(d) = 7*d**2 - 16*d - 153. What is the remainder when g(-7) is divided by 61?
58
Suppose -266 = 15*m - 29*m. What is the remainder when 91 is divided by m?
15
Suppose -28 = 37*z - 3728. What is the remainder when z is divided by 18?
10
What is the remainder when 424 is divided by (-17 - -21)*((-5)/(-2) + -1)?
4
Suppose 2*h - 40 = -2*h + 3*q, 0 = -4*q - 16. Suppose h*p - 65